{"id":2,"date":"2025-03-31T17:42:32","date_gmt":"2025-03-31T15:42:32","guid":{"rendered":"https:\/\/wpsem2.chaibi.projetsmmichamps.fr\/wordpress\/?page_id=2"},"modified":"2025-06-06T20:01:49","modified_gmt":"2025-06-06T18:01:49","slug":"page-d-exemple","status":"publish","type":"page","link":"https:\/\/wpsem2.chaibi.projetsmmichamps.fr\/wordpress\/page-d-exemple\/","title":{"rendered":"A propos"},"content":{"rendered":"\n<p>Je m\u2019appelle Haya, et m\u00eame si je suis pas une grande cuisini\u00e8re, j\u2019aime bien tester des recettes de temps en temps. Je suis pas du genre \u00e0 passer ma vie en cuisine, mais quand je m\u2019y mets, c\u2019est surtout pour faire des trucs sucr\u00e9s. G\u00e2teaux, cookies, petites douceurs\u2026 c\u2019est vraiment ce que je pr\u00e9f\u00e8re faire.<\/p>\n\n\n\n<p>Ce que j\u2019adore par-dessus tout, c\u2019est voir les gens se r\u00e9galer avec ce que j\u2019ai pr\u00e9par\u00e9. Le plaisir des autres quand ils mangent ma cuisine, \u00e7a me fait trop plaisir. C\u2019est vraiment ce qui me motive \u00e0 cuisiner, encore plus que le fait de manger moi-m\u00eame ce que je fais.<\/p>\n\n\n\n<p>Souvent, je vais sur Marmiton pour trouver des id\u00e9es. C\u2019est simple, rapide, et il y a plein de recettes \u00e0 tester. Je prends une base, je l\u2019adapte un peu selon ce que j\u2019ai sous la main, et hop, \u00e7a fait souvent un bon r\u00e9sultat. Je suis loin d\u2019\u00eatre une experte, mais j\u2019aime bien apprendre en essayant.<\/p>\n\n\n\n<p>Bref, je cuisine pas tous les jours, mais quand je le fais, c\u2019est avec envie , surtout si c\u2019est sucr\u00e9 et si c\u2019est pour faire plaisir aux autres.<\/p>\n\n\n\n<p><\/p>\n\n\n\n<blockquote class=\"wp-block-quote is-layout-flow wp-block-quote-is-layout-flow\">\n<p>Sur mon blog, je partagerai mes plus belles recettes. Celles que j\u2019ai trouv\u00e9es au fil du temps, \u00e0 force de tester plein de trucs, d\u2019en rater certaines, et d\u2019en r\u00e9ussir d\u2019autres que je refais souvent. Il y aura aussi des recettes transmises de m\u00e8re en fille, que ma propre m\u00e8re m\u2019a apprises. Ce ne sont pas forc\u00e9ment les plus simples, mais elles ont quelque chose de sp\u00e9cial. Ce sont des recettes qui ont une histoire, et que j\u2019ai envie de faire d\u00e9couvrir \u00e0 mon tour.<\/p>\n<\/blockquote>\n","protected":false},"excerpt":{"rendered":"<p>Je m\u2019appelle Haya, et m\u00eame si je suis pas une grande cuisini\u00e8re, j\u2019aime bien tester des recettes de temps en temps. Je suis pas du genre \u00e0 passer ma vie en cuisine, mais quand je m\u2019y mets, c\u2019est surtout pour faire des trucs sucr\u00e9s. G\u00e2teaux, cookies, petites douceurs\u2026 c\u2019est vraiment ce que je pr\u00e9f\u00e8re faire. [&hellip;]<\/p>\n","protected":false},"author":1,"featured_media":0,"parent":0,"menu_order":0,"comment_status":"closed","ping_status":"open","template":"","meta":{"footnotes":""},"class_list":["post-2","page","type-page","status-publish","hentry"],"_links":{"self":[{"href":"https:\/\/wpsem2.chaibi.projetsmmichamps.fr\/wordpress\/wp-json\/wp\/v2\/pages\/2","targetHints":{"allow":["GET"]}}],"collection":[{"href":"https:\/\/wpsem2.chaibi.projetsmmichamps.fr\/wordpress\/wp-json\/wp\/v2\/pages"}],"about":[{"href":"https:\/\/wpsem2.chaibi.projetsmmichamps.fr\/wordpress\/wp-json\/wp\/v2\/types\/page"}],"author":[{"embeddable":true,"href":"https:\/\/wpsem2.chaibi.projetsmmichamps.fr\/wordpress\/wp-json\/wp\/v2\/users\/1"}],"replies":[{"embeddable":true,"href":"https:\/\/wpsem2.chaibi.projetsmmichamps.fr\/wordpress\/wp-json\/wp\/v2\/comments?post=2"}],"version-history":[{"count":3,"href":"https:\/\/wpsem2.chaibi.projetsmmichamps.fr\/wordpress\/wp-json\/wp\/v2\/pages\/2\/revisions"}],"predecessor-version":[{"id":57,"href":"https:\/\/wpsem2.chaibi.projetsmmichamps.fr\/wordpress\/wp-json\/wp\/v2\/pages\/2\/revisions\/57"}],"wp:attachment":[{"href":"https:\/\/wpsem2.chaibi.projetsmmichamps.fr\/wordpress\/wp-json\/wp\/v2\/media?parent=2"}],"curies":[{"name":"wp","href":"https:\/\/api.w.org\/{rel}","templated":true}]}}